er?
False
Is 465732791 a composite number?
False
Is 238586989 a composite number?
True
Is 499236169 composite?
False
Is 53688913 prime?
True
Is 472629781 a composite number?
True
Is 160827729 composite?
True
Is 157323121 prime?
True
Is 12652781 prime?
False
Is 741868237 a composite number?
True
Is 1260109 a composite number?
True
Is 112285967 prime?
True
Is 6120911 composite?
False
Is 12416639 composite?
False
Is 226176207 a prime number?
False
Is 52327199 a prime number?
True
Is 723522055 a prime number?
False
Is 75095045 a composite number?
True
Is 2619611 a prime number?
True
Is 613138441 prime?
True
Is 34780943 a prime number?
False
Is 254961643 a composite number?
False
Is 3389383 composite?
True
Is 84113639 composite?
False
Is 10025647 a composite number?
False
Is 1549097 a prime number?
False
Is 17455457 composite?
False
Is 715465 a composite number?
True
Is 293318159 prime?
True
Is 86315963 a composite number?
False
Is 35659279 a prime number?
False
Is 3470071 a prime number?
False
Is 9782117 composite?
False
Is 59461351 a composite number?
False
Is 1036579 a prime number?
True
Is 16921793 composite?
True
Is 491923 prime?
True
Is 24575081 composite?
True
Is 29630138 prime?
False
Is 56104627 a composite number?
False
Is 3319289 composite?
False
Is 26462411 composite?
True
Is 142922257 a prime number?
False
Is 141920617 prime?
True
Is 775919 a composite number?
False
Is 224640121 prime?
False
Is 14963609 composite?
False
Is 19543741 a composite number?
True
Is 73584001 composite?
False
Is 155380333 a composite number?
True
Is 377387 composite?
False
Is 22171021 a prime number?
False
Is 12852309 a composite number?
True
Is 14109845 a prime number?
False
Is 274859889 a prime number?
False
Is 58040377 prime?
True
Is 1031911 composite?
False
Is 137112631 a prime number?
False
Is 367772597 a prime number?
True
Is 8916419 prime?
True
Is 21219823 prime?
False
Is 234699721 a prime number?
False
Is 2515181 a prime number?
False
Is 274267 composite?
True
Is 277040801 prime?
True
Is 22086007 a prime number?
True
Is 19199741 a composite number?
True
Is 20913407 a prime number?
True
Is 1255824447 a prime number?
False
Is 4544359 a composite number?
False
Is 5251859 a prime number?
True
Is 1666387 prime?
True
Is 10703359 a prime number?
True
Is 26106838 composite?
True
Is 138206109 prime?
False
Is 48094049 a prime number?
True
Is 276177701 a prime number?
False
Is 704710283 composite?
False
Is 4338713 a composite number?
True
Is 208229101 a prime number?
False
Is 241848449 a prime number?
False
Is 9812993 composite?
False
Is 2025806 a composite number?
True
Is 26015369 a composite number?
True
Is 6975841 composite?
False
Is 356849 prime?
False
Is 699816419 a prime number?
False
Is 54759659 composite?
False
Is 8264417 composite?
True
Is 143213821 a composite number?
True
Is 366193 a composite number?
False
Is 4081933 prime?
True
Is 3706133 prime?
True
Is 424060229 a prime number?
False
Is 599179 a prime number?
False
Is 566177 composite?
True
Is 158478269 composite?
True
Is 1239557 composite?
True
Is 2135712103 prime?
False
Is 9552857 a prime number?
True
Is 14627291 a prime number?
False
Is 49743743 a prime number?
False
Is 80652157 a prime number?
True
Is 19822723 prime?
True
Is 470863 a composite number?
False
Is 163494857 a prime number?
True
Is 80192621 a prime number?
False
Is 1701058 a composite number?
True
Is 1361792309 a prime number?
True
Is 679937 a composite number?
True
Is 1695919 prime?
False
Is 7392991 a composite number?
False
Is 238195579 prime?
False
Is 10995577 prime?
True
Is 19050619 composite?
True
Is 25471549 composite?
False
Is 13418839 a prime number?
False
Is 517369 a prime number?
False
Is 13288567 prime?
True
Is 194737633 composite?
False
Is 70190621 prime?
True
Is 93779627 prime?
False
Is 57785789 a prime number?
False
Is 3242099 a composite number?
True
Is 2999333 a composite number?
False
Is 8592811 a composite number?
True
Is 180878377 prime?
True
Is 394225703 composite?
False
Is 874857 a composite number?
True
Is 56507107 a composite number?
False
Is 85741259 a prime number?
True
Is 494038849 composite?
True
Is 2509301 a composite number?
False
Is 314920711 prime?
False
Is 154503917 prime?
True
Is 35399594 prime?
False
Is 10870663 prime?
True
Is 158243 composite?
False
Is 256745143 a prime number?
False
Is 4184434 a prime number?
False
Is 1027933 prime?
False
Is 1042039 a composite number?
False
Is 1950847 a composite number?
True
Is 4326979 prime?
True
Is 990909373 prime?
False
Is 4389389 composite?
True
Is 6026239 a prime number?
False
Is 1000666 a prime number?
False
Is 10930963 a composite number?
False
Is 216817397 composite?
False
Is 553323 a composite number?
True
Is 889968071 a prime number?
False
Is 294697399 a composite number?
True
Is 7272241 a composite number?
True
Is 267359 composite?
True
Is 109022159 composite?
True
Is 34868099 a composite number?
True
Is 3409057 a composite number?
False
Is 50676553 composite?
True
Is 6716963 composite?
True
Is 19986419 prime?
True
Is 90595717 composite?
False
Is 801073407 a prime number?
False
Is 17025629 prime?
True
Is 396271 a composite number?
True
Is 1534397 a prime number?
True
Is 6032999 prime?
False
Is 166371423 a prime number?
False
Is 3983449 a prime number?
False
Is 547171 composite?
False
Is 8340509 composite?
False
Is 19799291 composite?
True
Is 36370487 a composite number?
False
Is 496702 prime?
False
Is 6078113 composite?
True
Is 105276443 composite?
False
Is 1870223 composite?
False
Is 5896769 composite?
False
Is 17374517 prime?
True
Is 41173043 composite?
True
Is 241991059 composite?
True
Is 280718321 prime?
False
Is 23778761 a composite number?
True
Is 10358 composite?
True
Is 6144863 prime?
True
Is 2686069 a composite number?
True
Is 985079 a composite number?
False
Is 7323251 a composite number?
True
Is 7282343 a prime number?
False
Is 9095213 prime?
True
Is 20720519 composite?
False
Is 21034913 prime?
False
Is 95934089 a composite number?
False
Is 33189727 composite?
True
Is 992029 prime?
False
Is 44875811 a prime number?
False
Is 62600249 prime?
True
Is 93602903 a composite number?
True
Is 60868939 prime?
False
Is 92211473 composite?
False
Is 5050469 a prime number?
False
Is 4843459 a prime number?
False
Is 2083061 prime?
False
Is 683593 composite?
True
Is 29984219 a prime number?
False
Is 43981369 prime?
False
Is 6444241 prime?
False
Is 6874039 composite?
False
Is 2917199 a composite number?
False
Is 164343419 a prime number?
False
Is 64614019 prime?
True
Is 6826273 a composite number?
True
Is 1391933 a composite number?
False
Is 22915117 composite?
False
Is 14066293 prime?
False
Is 1608991 composite?
True
Is 969637 a composite number?
False
Is 59918941 composite?
False
Is 124491967 a composite number?
True
Is 1298943739 a prime number?
False
Is 61081481 a prime number?
False
Is 7465573 a prime number?
True
Is 34715707 composite?
True
Is 1664227 composite?
False
Is 7036769 a prime number?
True
Is 20276911 prime?
True
Is 1441579 a composite number?
False
Is 15167591 composite?
False
Is 59744641 a prime number?
False
Is 35597327 a composite number?
True
Is 57933913 a prime number?
True
Is 9507279 composite?
True
Is 669064371 a composite number?
True
Is 114594049 prime?
True
Is 6344027 a prime number?
True
Is 2437271 prime?
True
Is 4749359 prime?
False
Is 552370883 a composite number?
False
Is 60495203 a composite number?
False
Is 3370721 composite?
True
Is 478134127 a composite number?
True
Is 34997431 a prime number?
False
Is 2571409 a prime number?
True
Is 55925153 a composite number?
False
Is 57161 a composite number?
True
Is 65445587 a composite number?
True
Is 2453999 a composite number?
False
Is 23661529 prime?
True
Is 4052129 a prime number?
False
Is 203057 prime?
True
Is 1330379 prime?
False
Is 21929771 prime?
False
Is 267520541 composite?
False
Is 803027 a composite number?
False
Is 5007919 a prime number?
False
Is 55879849 a composite number?
False
Is 2677069 a composite number?
False
Is 13960357 prime?
True
Is 114027863 a prime number?
True
Is 10852949 composite?
True
Is 40828451 prime?
True
Is 2164739 a composite number?
False
Is 29664409 a prime number?
True
Is 1291111 prime?
True
Is 5905157 a composite number?
True
Is 12987803 a p